Let u(x) = x**3 - 4*x**2 + 1. Suppose k - 7 + 4 = 0. Calculate u(k).
-8
Let y = -4 + 6. Let f(q) = 1 + q**2 - 3*q + 6*q + 3*q + y. Give f(-2).
-5
Let x(y) be the first derivative of y**5/20 - y**4/4 - y**3/2 - 5*y**2/2 + 2*y + 3. Let w(b) be the first derivative of x(b). Calculate w(4).
-1
Let a(j) = j**3 + 2*j**2 - 3*j + 3. Let i(q) = q**2 - q**3 - q + 3 + 0 - 2. Let y(g) = a(g) - 2*i(g). Calculate y(1).
3
Suppose 2*d + 2*p - 14 = 0, -3 = -d + p - 2. Let n(z) = z + 1 + 3*z - 4*z**2 + 3*z**2. Calculate n(d).
1
Let u(x) be the third derivative of x**4/12 + 4*x**2. Calculate u(-1).
-2
Let t(f) = 0*f**2 - 3*f - 2*f**2 + 3 - f - f**3 - 4*f**2. Let r be (-57)/15 - (-2 - (-33)/15). Determine t(r).
-13
Let n(l) be the first derivative of -l + 1/2*l**2 + 4. Calculate n(4).
3
Let v(k) be the third derivative of -k**5/20 + k**4/12 - k**3/6 - 2*k**2. Determine v(1).
-2
Let t(m) be the first derivative of m + 1 - 1/3*m**3 - 3/2*m**2. Let u = -20 - -18. Give t(u).
3
Suppose 0 = -u + 2 - 0. Let z(o) = 4*o + 18. Let a be z(-5). Let j = a + u. Let w(k) = -k**2 + 1. Give w(j).
1
Let d be 6/(-10) + (-14)/35. Let v(u) = 4*u**2 + u. Give v(d).
3
Suppose -5*w + 12 = -3*w. Let r = w - 2. Let s(o) = -o**2 + 1. What is s(r)?
-15
Let h(j) = 9*j**3 - j**2 + 1. Let u(k) = k**3 + 2*k**2 - k. Let m be u(1). Suppose 4*g = 2*c - 12, -2*c - m = -g - 11. Give h(g).
-9
Let b be ((-11)/(-99))/((-3)/(-18)). Let m(t) be the second derivative of t**2 - 2*t - 1/4*t**4 + 0 - b*t**3 + 1/20*t**5. What is m(4)?
2
Let h(y) = y**3 - 8*y**2 + 2*y - 8. Let d = -29 - -37. Determine h(d).
8
Let z(w) be the second derivative of -10*w + 7/6*w**3 + 0 + 0*w**2. Calculate z(1).
7
Suppose 84 = -2*g - l - 4*l, -2*g + 3*l = 52. Let y be g/(-24)*6/(-2). Let h be 1*9*y/(-6). Let c(r) = r**2 - 5*r - 1. Calculate c(h).
5
Let i be (-12)/(-15)*20/(-8). Let r be (-4 + 3)/(i/12). Let h(w) = w**2 - 7*w + 2. What is h(r)?
-4
Let d(t) = 7*t**2 - 16*t - 4. Let p(r) = 3*r**2 - 8*r - 2. Let u(f) = 2*d(f) - 5*p(f). Determine u(6).
14
Suppose -21*b + 25*b - 20 = 0. Suppose -5 = -2*d + k, -d + k = -2 - 1. Let i(g) = d*g + 0*g - 4*g**2 + g**3 - 6*g. Give i(b).
5
Let f(r) = -r - 2. Let m = -7 - -11. Let w(d) = -5*d + 3. Let s(t) = 2*t - 1. Let x(y) = 9*s(y) + 4*w(y). Let h be x(m). Give f(h).
3
Let j(v) = -v**2 + 3. Let u be j(0). Suppose -2*w + z = 7, u*w + 3*z = z - 14. Let d(r) be the second derivative of -r**3/3 - 5*r**2/2 - 2*r. Calculate d(w).
3
Let k be (-8)/(-6)*(2 + -5). Let y = -11 - k. Let a = y - -3. Let v(q) = -q**3 - 5*q**2 - 3*q - 1. Calculate v(a).
-5
Suppose 3*z = -2*w + 9 + 1, 25 = 5*w - z. Let h = 4 - w. Let i(r) = -2*r - 1. What is i(h)?
1
Let f(r) = 5*r + 11. Let u(v) = v + 8. Let j(k) = k + 17. Let x(o) = -2*j(o) + 5*u(o). Let p(s) = 4*f(s) - 7*x(s). What is p(5)?
-3
Let r(k) = k**3 + 6*k**2 - 2*k - 5. Let f(m) = m**3 + 7*m**2 - 2*m - 6. Let v(q) = 2*f(q) - 3*r(q). Suppose u + 2 = 9. Let z = u - 11. Calculate v(z).
-5
Let v(l) = -l + 1. Let x(t) = t - 24. Let s be x(19). What is v(s)?
6
Let l(h) = 6*h + 6. Let o(z) = z + 1. Let a(w) = 2*l(w) - 11*o(w). Give a(-5).
-4
Let u(s) be the first derivative of 2*s**3/3 + 3*s**2 - 43. Give u(-4).
8
Let b(l) = 2*l**2 + 9*l + 3*l**2 - 4*l**2 - 8*l - 4. Let g = -14 + 10. Determine b(g).
8
Let x(t) = 4*t + 2. Let w be x(4). Suppose 0 = 3*i - 18 + 57. Let s = i + w. Let z(r) = -r**2 + 7*r - 5. Calculate z(s).
5
Suppose 2*j + 3 - 5 = 0. Let i(g) = -13*g**3 + 1. Calculate i(j).
-12
Let g(q) = 2*q - 2*q**2 - q**3 - 3*q**3 + 1 + 2*q**3. Let p be 90/21 + (-8)/28. Suppose -d + 3*d = -p. Determine g(d).
5
Let u be (-174)/(-30) + -6 + 93/15. Let m(v) = v + 1. Give m(u).
7
Let j(c) be the first derivative of 0*c**2 - 4*c**2 + 4*c**2 - 2 - 2*c**2. Suppose i - 6 = 4*i. Calculate j(i).
8
Let g(k) = -8*k. Let m be 3 - 2 - (-22 + 3). Suppose 0 = -4*v - m, -d + 2*v + 11 = -0*d. Give g(d).
-8
Let q(r) = -5*r + 7. Let z(x) = -21*x + 27. Let o(t) = -9*q(t) + 2*z(t). Give o(7).
12
Let h be -1 - 9/3*1. Let y be (h + 3)/(-2)*-4. Let w(n) = -2*n - 3. Give w(y).
1
Let s(r) be the first derivative of -8*r**3/3 - r**2/2 + 15. Let p be -1*((-1)/(-1) - 1). Let g = p + -1. Calculate s(g).
-7
Let z(k) be the first derivative of 2*k**2 + 2*k - 6. Give z(-5).
-18
Let n(s) = -s**3 + 3*s**2 + 5*s - 4. Suppose -j - a = 3*a - 7, j - 5*a = -2. Give n(j).
11
Let c(a) = a**2 + 6*a + 1. Let r be c(-6). Suppose 0 = -h + 2*h + 6. Let g(l) = -5*l - 2. Let f(z) = -z. Let i(u) = h*f(u) + r*g(u). Calculate i(2).
0
Let z(q) = 6*q + 0*q - 4*q + 2*q. Determine z(-1).
-4
Let f(t) = -t**2. Let d(b) = -4*b**2 + b + 1. Let z(g) = d(g) - 3*f(g). Calculate z(3).
-5
Let q be 18/(-12)*(-10)/(-3). Let o(d) = d + 3. Let v be o(q). Let t(x) = 3*x**2 + x. Give t(v).
10
Let i(w) = -w**2 + 5*w + 6. Let y be i(6). Let r(t) = -6*t - 1. Let m(f) = -5*f. Let l(a) = 5*m(a) - 4*r(a). Calculate l(y).
4
Suppose w = -5, -4*p = w + 3*w + 20. Suppose 5*u - 30 = -3*q, -4*u + 2*q + 2*q - 8 = 0. Let h(a) = 6 - a**2 - 2 + u + a. Calculate h(p).
7
Suppose 4*j + 8 = -2*v, 5*v - 3 = -3*j - 2. Let s(b) = -3*b + b**2 - v*b**2 - 3*b + 5*b - 1. Determine s(3).
-13
Let c(w) = w**2 - 7*w + 3 + w + 3*w. Calculate c(4).
7
Let m be (-3 - 0)*(-1)/1. Let s(a) = 4*a + m + 5*a**2 - 2*a**2 - 4*a**2. Let t be ((-4)/(-6))/((-2)/(-15)). What is s(t)?
-2
Let u(s) = 6*s**3 - 8*s**2 - 7*s + 9. Let p(y) = -7*y**3 + 9*y**2 + 8*y - 10. Let w(o) = 5*p(o) + 6*u(o). Determine w(4).
12
Let b(l) be the third derivative of 1/8*l**4 - 1/12*l**5 + 5*l**2 + 0*l + 1/120*l**6 + 0 + 0*l**3. Suppose -2*p - 3*p = -20. Determine b(p).
-4
Let c be 3/(-1 - 14/(-8)). Let p(o) = 2*o + 3 - 2 - c*o. Suppose 0 = 5*f + 4*y + 10, -2*y = f + y + 2. Calculate p(f).
5
Let o(n) = n**3 - 6*n**2 + 3*n - 3. Let b be o(6). Let k = b + -11. Let m(g) be the third derivative of g**4/24 - 2*g**3/3 - 2*g**2. Calculate m(k).
0
Suppose 3 = 6*i - 5*i. Let s(g) = 2*g + 2 - g**i - 2*g**3 + 2*g + 2*g**3 - 2*g**2. Suppose -5*m - 25 = -2*a, 4*m + 0*a + 5*a = 13. Determine s(m).
-1
Let t(k) = -2*k**2 + 2 - k**3 - k**3 + 6*k**2 + 3*k. Let z(c) = 3*c**3 - 5*c**2 - 4*c - 3. Let x(w) = 4*t(w) + 3*z(w). Give x(1).
1
Let l be (-2)/6 - (-182)/6. Let w(m) = 5*m - 30. Let h(y) be the third derivative of -y**3/6 - y**2. Let c(u) = l*h(u) - w(u). What is c(2)?
-10
Let f be (2 - 1)*(3 - -2). Let x = f - 1. Suppose x*g - 2*t - 4 = -g, 3*g - 3*t = -3. Let n(k) = -2*k**3 + 2*k**2 + 2*k - 3. Determine n(g).
-7
Suppose 0*m - 15 = 3*m, 3*m + 39 = -4*i. Let l(w) = -w**3 - 6*w**2 + w + 8. What is l(i)?
2
Let i(w) = -w + 7. Let t be i(6). Let k(m) = 60*m**2 + 0 - m - t + 10*m**3 - 59*m**2. Determine k(-1).
-9
Let k(d) = d**3 + d**2 - d + 1. Let b(g) = -4*g + 1 + 3*g + 1. Let u be b(0). Suppose -n + 2 = -u*n. Give k(n).
-1
Let n(u) be the first derivative of -u**2 + 3. Let t(k) = 2*k - 9. Let p be t(6). Suppose -d - 1 = 4, 3*b = p*d + 18. What is n(b)?
-2
Let r(d) be the first derivative of 5*d**2/2 - 1. Let q = -116 + 117. Calculate r(q).
5
Let s(w) = 2*w + w**2 + 2*w - 4*w + 22*w**3. Determine s(-1).
-21
Suppose -5*d = -70 + 15. Let j(r) = -4 + 1 - 7*r**2 - 2*r - 3*r. Let w(v) = 13*v**2 + 9*v + 5. Let i(o) = d*j(o) + 6*w(o). Determine i(0).
-3
Let b(y) = y + 4. Suppose 12*k + 96 = -0*k. Give b(k).
-4
Let z be ((-4)/6)/((-8)/(-72)). Let a(s) = -s + 8. Determine a(z).
14
Let d(z) be the second derivative of -z**5/60 + z**4/6 - 2*z**3/3 - 2*z**2 - 5*z. Let o(l) be the first derivative of d(l). Give o(3).
-1
Suppose x - 4*x = 5*f + 2, -20 = 5*x. Suppose d + 0*l + 20 = -5*l, -3*d + f*l = -8. Let m(c) be the second derivative of -c**3/6 - 3*c**2 + c. What is m(d)?
-6
Let t(v) be the third derivative of -v**5/60 + 5*v**4/12 - 5*v**3/3 + 64*v**2. Calculate t(9).
-1
Let x(l) = 11*l**2 + 2*l - 1. Let r be 3*-3*5/(-45). Calculate x(r).
12
Let s(o) be the first derivative of -o**5/20 - 5*o**4/12 + o**3/2 + 2*o**2 + o + 4. Let u(y) be the first derivative of s(y). Calculate u(-5).
-11
Let f(i) = -3*i**2 + 2*i**2 + 3 - 3*i + 0. Let v = -9 + 5. What is f(v)?
-1
Let p(b) = b**3 + 4*b**2 + 3*b + 2. Suppose -5*d - 10 = -4*i + 5*i, 4 = -2*d - 5*i. Calculate p(d).
4
Let h be 2*(1 - (-6)/(-3)). Let m(i) = 2*i**2 + 2*i + 1. Determine m(h).
5
Let f(q) be the second derivative of q**4/12 - 4*q**3/3 - 2*q**2 - q. What is f(8)?
-4
Let o(v) = 2*v*